er when 1041171 is divided by 31.
5
Calculate the remainder when 1116516 is divided by 7700.
16
Calculate the remainder when 6227978 is divided by 201.
194
Calculate the remainder when 208272 is divided by 279.
138
What is the remainder when 268904 is divided by 268830?
74
What is the remainder when 93588372 is divided by 46794181?
10
What is the remainder when 19465 is divided by 6471?
52
Calculate the remainder when 2469684 is divided by 1611.
21
What is the remainder when 65735 is divided by 1113?
68
What is the remainder when 10769461 is divided by 3?
1
Calculate the remainder when 43513356 is divided by 115.
1
Calculate the remainder when 8460 is divided by 6121.
2339
What is the remainder when 8181133 is divided by 634?
631
What is the remainder when 13557344 is divided by 4519110?
14
Calculate the remainder when 65974 is divided by 717.
10
Calculate the remainder when 3554430 is divided by 3918.
804
What is the remainder when 96178 is divided by 23505?
2158
Calculate the remainder when 339902 is divided by 16948.
942
What is the remainder when 827070 is divided by 439?
433
Calculate the remainder when 101954840 is divided by 101954831.
9
What is the remainder when 161219730 is divided by 93?
45
Calculate the remainder when 390873 is divided by 6264.
2505
What is the remainder when 13186990 is divided by 42?
40
Calculate the remainder when 370997 is divided by 2577.
2486
What is the remainder when 8936451 is divided by 595763?
6
What is the remainder when 20834 is divided by 4932?
1106
What is the remainder when 6162535 is divided by 6735?
10
Calculate the remainder when 25529 is divided by 6378.
17
What is the remainder when 12705019 is divided by 15107?
32
What is the remainder when 24111 is divided by 3990?
171
What is the remainder when 6727351 is divided by 2242445?
16
Calculate the remainder when 3711812 is divided by 452.
440
Calculate the remainder when 30182901 is divided by 13922.
5
What is the remainder when 17030642 is divided by 528?
2
Calculate the remainder when 33255 is divided by 16587.
81
Calculate the remainder when 267208 is divided by 6687.
6415
Calculate the remainder when 121196 is divided by 1593.
128
What is the remainder when 1075834 is divided by 107463?
1204
What is the remainder when 26769261 is divided by 16689?
105
Calculate the remainder when 1746452 is divided by 576.
20
What is the remainder when 65203 is divided by 65047?
156
What is the remainder when 3506728 is divided by 29972?
4
Calculate the remainder when 235672131 is divided by 1707769.
9
What is the remainder when 175693498 is divided by 100?
98
Calculate the remainder when 58834687 is divided by 2458.
2457
Calculate the remainder when 138498689 is divided by 15.
14
What is the remainder when 1420902 is divided by 10?
2
What is the remainder when 4288331 is divided by 1072058?
99
Calculate the remainder when 73954 is divided by 732.
22
Calculate the remainder when 768282 is divided by 21341.
6
What is the remainder when 425953 is divided by 2565?
163
What is the remainder when 1220814 is divided by 15649?
192
Calculate the remainder when 3274859 is divided by 680.
659
Calculate the remainder when 43449225 is divided by 19.
6
What is the remainder when 81900447 is divided by 190?
187
Calculate the remainder when 6295296 is divided by 783.
759
Calculate the remainder when 226011 is divided by 75224.
339
Calculate the remainder when 162230 is divided by 372.
38
Calculate the remainder when 421119 is divided by 6190.
199
Calculate the remainder when 86794 is divided by 610.
174
What is the remainder when 2251269 is divided by 20?
9
What is the remainder when 1890254 is divided by 961?
928
What is the remainder when 2977421 is divided by 9762?
11
Calculate the remainder when 1760967 is divided by 22.
21
What is the remainder when 382663 is divided by 124646?
8725
What is the remainder when 729524 is divided by 2448?
20
Calculate the remainder when 201358 is divided by 64576.
7630
Calculate the remainder when 30949246 is divided by 408.
406
What is the remainder when 514653 is divided by 53?
23
Calculate the remainder when 261368 is divided by 1776.
296
Calculate the remainder when 9364096 is divided by 22.
16
What is the remainder when 118552 is divided by 14819?
0
Calculate the remainder when 111276 is divided by 1615.
1456
Calculate the remainder when 195789 is divided by 10164.
2673
What is the remainder when 503563 is divided by 164383?
10414
What is the remainder when 1381156 is divided by 292?
288
What is the remainder when 20835 is divided by 6394?
1653
What is the remainder when 3694576 is divided by 194435?
311
What is the remainder when 433269 is divided by 213706?
5857
Calculate the remainder when 2117494 is divided by 2117445.
49
What is the remainder when 46180334 is divided by 26?
18
Calculate the remainder when 3074048 is divided by 139729.
10
Calculate the remainder when 48486 is divided by 16151.
33
What is the remainder when 880601 is divided by 880600?
1
What is the remainder when 196712511 is divided by 335115?
6
What is the remainder when 26153 is divided by 19910?
6243
Calculate the remainder when 31667 is divided by 488.
435
Calculate the remainder when 241690 is divided by 905.
55
Calculate the remainder when 40841767 is divided by 256.
39
What is the remainder when 163477 is divided by 23329?
174
Calculate the remainder when 4496323 is divided by 3398.
769
What is the remainder when 5587151 is divided by 290?
11
Calculate the remainder when 22917352 is divided by 2011.
2007
What is the remainder when 1734596 is divided by 777?
332
What is the remainder when 18226 is divided by 934?
480
Calculate the remainder when 1422742 is divided by 2077.
2074
Calculate the remainder when 1892439 is divided by 172036.
43
Calculate the remainder when 1450935 is divided by 1746.
9
Calculate the remainder when 19008641 is divided by 56742.
71
Calculate the remainder when 79699374 is divided by 4375.
4374
Calculate the remainder when 19046007 is divided by 1437.
9
What is the remainder when 3216083 is divided by 3216082?
1
What is the remainder when 822478 is divided by 22?
8
What is the remainder when 2013102 is divided by 9?
0
Calculate the remainder when 294368 is divided by 683.
678
Calculate the remainder when 12250 is divided by 3706.
1132
Calculate the remainder when 279212 is divided by 433.
360
What is the remainder when 54356936 is divided by 36?
32
What is the remainder when 203067184 is divided by 117?
112
What is the remainder when 5495800 is divided by 292?
68
What is the remainder when 770730 is divided by 24?
18
What is the remainder when 3078090 is divided by 4104?
90
Calculate the remainder when 6604447 is divided by 7761.
7597
Calculate the remainder when 3478923 is divided by 66902.
19
Calculate the remainder when 83115589 is divided by 3078354.
31
Calculate the remainder when 3439448 is divided by 3033.
26
What is the remainder when 7237319 is divided by 75?
44
Calculate the remainder when 27796 is divided by 1077.
871
What is the remainder when 54522 is divided by 27132?
258
What is the remainder when 51745 is divided by 16801?
1342
Calculate the remainder when 1571368 is divided by 1408.
40
Calculate the remainder when 30040706 is divided by 84384.
2
What is the remainder when 21218 is divided by 670?
448
What is the remainder when 669023 is divided by 639?
629
Calculate the remainder when 20218991 is divided by 546459.
8
What is the remainder when 111024254 is divided by 109925?
4
Calculate the remainder when 49336 is divided by 15173.
3817
What is the remainder when 189671245 is divided by 2734?
2729
What is the remainder when 2125565438 is divided by 126?
122
What is the remainder when 16560709 is divided by 662?
117
Calculate the remainder when 5795936 is divided by 863.
28
Calculate the remainder when 28343760 is divided by 601.
600
What is the remainder when 3102684 is divided by 775651?
80
What is the remainder when 110030439 is divided by 45?
39
Calculate the remainder when 20718 is divided by 19671.
1047
What is the remainder when 175338 is divided by 57902?
1632
What is the remainder when 1610758 is divided by 133?
128
What is the remainder when 636762 is divided by 7869?
7242
Calculate the remainder when 